et h be q(-8). Suppose -2*o - 5*j = -h*o - 10, -4 = 3*o - 2*j. Let v = o - -2. What are the prime factors of v?
2
Let s = 27 - 2. List the prime factors of s.
5
Suppose 35 = 3*b + 2*b. Let w = 4 - b. Let z = w + 14. What are the prime factors of z?
11
Let a(x) = x**3 - 2*x**2 - x - 3. Let o be a(3). Suppose -37 = -o*c - 2*z, 4*c - z = 42 + 22. What are the prime factors of c?
3, 5
Let s(r) = r + 20. Let m be s(-9). Suppose 2*b = -c + 31, -3*b - 34 = c - 82. Suppose -b - m = -4*y. List the prime factors of y.
7
Suppose q + 5 = 4*f, f + f = 2*q - 2. Let d be (-4)/6 + 14/3. Suppose -32 = -n + d*h, 3 = f*h - 3*h. List the prime factors of n.
2, 5
Let v be -3 + (1 + 1 - -10). Let p = v + 22. Let w = p + -19. List the prime factors of w.
2, 3
Let a(g) = -g**2 - 9*g - 9. Let j be a(-7). Let t(x) be the first derivative of x**2/2 + 5*x + 1. List the prime factors of t(j).
2, 5
Let d(j) = -27*j**3 - 2*j - 1. List the prime factors of d(-1).
2, 7
Suppose -5*g = -2 - 178. List the prime factors of g.
2, 3
Suppose b + 4*b - 15 = 0. Let m be 3 + -2 - 2*b. Let n(g) = -2*g + 2. List the prime factors of n(m).
2, 3
Let s = 12 + -24. Let t(z) = -2*z + 14. List the prime factors of t(s).
2, 19
Let m(u) = -u**2 - 29*u + 112. List the prime factors of m(-25).
2, 53
Let a(k) = 2*k**3 + k + 1. Let x = -4 + 3. Let t be a(x). Let f(u) = -5*u - 1. What are the prime factors of f(t)?
3
Let b be (32 - 4) + 1 + -1. List the prime factors of b + 5/((-5)/4).
2, 3
Let s be (4/6)/(1/(-3)). Let w be s/(-12)*3*0. Suppose -25 = -4*f + 5*q, w = f + q - 2 - 2. What are the prime factors of f?
5
Suppose 4*l + 1 = 3*l, d - 5*l = -32. Let h = 68 + d. List the prime factors of h.
31
Let u(v) be the third derivative of -v**4/12 - v**2. Let f(x) = -2*x**3 - x**2 + 2*x - 1. Let t be f(1). What are the prime factors of u(t)?
2
Let m(l) = -l**2 + 5*l - 1. Let u be m(4). Suppose 2*k + 2*w = -w + 24, 4*w + 2 = u*k. List the prime factors of k.
2, 3
Suppose -34*y = -47*y + 598. List the prime factors of y.
2, 23
Let v(t) = 3*t**3 + 3*t**2 + 9*t - 9. Let l(w) = -4*w**3 - 5*w**2 - 14*w + 13. Let x(s) = 5*l(s) + 7*v(s). What are the prime factors of x(6)?
2
Let q(c) = -26*c - 7. Let b(j) = 25*j + 6. Let y(v) = 3*b(v) + 2*q(v). What are the prime factors of y(2)?
2, 5
Suppose 2*i - 117 - 25 = -3*x, -x + 4*i + 52 = 0. List the prime factors of x.
2, 3
Let d(h) = h**2 - 8*h - 7. Let c be d(9). Let x = 4 + c. Suppose f + 1 - x = 0. List the prime factors of f.
5
Let a(l) = 5*l**2 + 7*l. Let r be a(-5). Suppose -2*u = u - r. Let f = 47 - u. What are the prime factors of f?
17
What are the prime factors of ((-72)/90)/((-2)/170)?
2, 17
Let h(i) = -i - 1. Let m be h(-2). What are the prime factors of (1 - (m - -21))*-1?
3, 7
Suppose 108 = 6*v - 2*v. What are the prime factors of v?
3
Let j = 14 - 13. List the prime factors of (116/j)/4 + 0.
29
Let k be 2 + (-1)/2*0. What are the prime factors of k/12 - 138/(-36)?
2
Let f(j) = j**2 - 2*j. List the prime factors of f(-5).
5, 7
Let f = 11 - -22. List the prime factors of f.
3, 11
Let b = -39 + 115. What are the prime factors of b?
2, 19
Let v = -64 - -111. List the prime factors of v.
47
Let m = -9 - -17. Suppose 7*g = 5*g + m. Suppose -g*u + 3 = y - 2*u, -2*y = 3*u - 6. List the prime factors of y.
3
Suppose -85 = 4*k + 3*m - 355, 0 = -k - 5*m + 76. List the prime factors of k.
2, 3, 11
Let d(r) = -r**3 - 8*r**2 - 8*r - 4. Let m be d(-7). List the prime factors of (10 - 3)/(m - 2).
7
Let k = 95 + -52. What are the prime factors of k?
43
What are the prime factors of (-3)/(((-6)/(-7))/(-2))?
7
Let n be (-18)/8*64/(-12). Suppose n = -2*d - 0*d. What are the prime factors of ((-14)/d)/((-1)/(-3))?
7
Let b(z) = z**3 - 18*z**2 + 4*z + 15. List the prime factors of b(18).
3, 29
Let s be 3/1*(8 + -7). Let x(d) = 4*d + 3*d - 2*d - 3 - s*d. What are the prime factors of x(8)?
13
Suppose -5*l + 7*l = 88. What are the prime factors of l?
2, 11
Let t(u) = -27*u + 9. List the prime factors of t(-8).
3, 5
Let g(n) = n**3 - 3*n**2 + n + 3. Let p be g(3). Let d = p - 4. Suppose 0 = -d*y - 10 + 24. What are the prime factors of y?
7
Let b(m) = -m**3 + 3*m**2 + 4. Let n be b(3). Suppose -f - z + 16 = -16, f = n*z + 22. List the prime factors of f/(-9)*18/(-15).
2
Let v = 11 - 6. Suppose v*a - 16 = 4*a. What are the prime factors of a?
2
What are the prime factors of -4 + 55 + 1 + -5?
47
List the prime factors of (-9)/(-2) + 2/(-4).
2
Let x(y) = 11*y**2 + y. Let h(v) = 10*v**2 + v. Let f(l) = -5*h(l) + 6*x(l). Suppose 8*a + 1 + 7 = 0. What are the prime factors of f(a)?
3, 5
Let q(h) = 2*h**3 - 5*h**2 - 10*h - 8. What are the prime factors of q(5)?
67
Suppose -9*n = -43 - 182. List the prime factors of n.
5
List the prime factors of (0 - -1)*(3 + 5).
2
Let z = -130 - -184. List the prime factors of z.
2, 3
Let j = 18 - 14. List the prime factors of 182/j + (-1)/2.
3, 5
Let v(o) = -o**2 - 8*o + 24. List the prime factors of v(-8).
2, 3
Suppose 5*z = -a, -z - 8 = -2*a - 3*z. Suppose 24 = a*v - 1, 2*k + v = 21. What are the prime factors of k?
2
Let b = -2 - -3. What are the prime factors of (4 - 3)/(b/6)?
2, 3
What are the prime factors of (39/(-65))/((-1)/5)?
3
Let h be (44/8)/(4/8). Suppose g + 0*g = 0. Suppose -q + h = -g*q. What are the prime factors of q?
11
Suppose -3*i + 1 = 31. Let j = -73 - 1. List the prime factors of j/(-9) + i/45.
2
Let r(p) = -4*p - 10. What are the prime factors of r(-4)?
2, 3
Let d be -3*(-4 + (4 - 2)). Suppose l - 10 = d*l. Let h = l + 19. List the prime factors of h.
17
Let g = -18 + 13. Let u(y) = -y + 3. Let i be u(g). Suppose 3*q - i = q. List the prime factors of q.
2
What are the prime factors of 2338/10 + (-9)/5 + 2?
2, 3, 13
List the prime factors of (((-368)/(-10))/(-4))/((-1)/5).
2, 23
Let f = 3 - -20. Suppose 0*a = -3*q + a - 42, 0 = -4*q + a - 56. Let t = f + q. List the prime factors of t.
3
Suppose -5*r = -40 - 15. What are the prime factors of r?
11
Let b(v) be the second derivative of -1/6*v**3 + 0 + 0*v**4 + 7*v**2 + 1/20*v**5 - 2*v. What are the prime factors of b(0)?
2, 7
Let g = -96 + 176. What are the prime factors of g?
2, 5
Let f = 36 - 18. List the prime factors of f.
2, 3
Let h(s) = -7*s - 40. What are the prime factors of h(-12)?
2, 11
Suppose -4*k - 52 = 4*s - 0*s, 4*s = k - 32. Let u = s - -26. List the prime factors of u.
17
Let v = -22 - -55. What are the prime factors of v?
3, 11
Suppose 0 = -2*q + 25 + 9. What are the prime factors of q?
17
Let s = 15 + 16. What are the prime factors of s?
31
Let z(a) = -a**3 - 9*a**2 - 8*a + 4. Let v be z(-8). Suppose -5*f + 1 = -v. Let w = f + 1. List the prime factors of w.
2
Let j(z) = -z**3 - 4*z**2 - 2*z + 3. Let m be j(-3). Suppose h = -m*h - 5*g + 6, 4*g - 56 = -4*h. What are the prime factors of h?
2
Suppose 0 = -2*j - 18 - 10. What are the prime factors of j/(-77) - (-370)/22?
17
Suppose -15 = -2*o - o. Suppose -7 = -2*l + z + 8, -l = -o*z - 21. What are the prime factors of l?
2, 3
Let n be (14/(-4))/7*-6. Let i be (-14)/(-4) - 1/2. Suppose i*m + n = 4*m. What are the prime factors of m?
3
Suppose -4*l + 6*m - m = 0, 2*m + 7 = 3*l. Let k = l - 2. List the prime factors of k.
3
Let n be -4*3*2/(-8). Let r = n - -1. Let b = r + -2. List the prime factors of b.
2
Suppose -3*x - 4*g - 8 = 2*x, 3*g - 25 = 4*x. Let w = x - 2. What are the prime factors of (-14)/(-6) - 4/w?
3
Suppose 16*x - 930 = 6*x. What are the prime factors of x?
3, 31
Suppose 3*y + 21 = -6. Let x = 14 + y. What are the prime factors of x?
5
Let l(d) = d**3 - 6*d**2 - 6*d. Let y = 2 - -5. Let q be l(y). Suppose 40 = -2*s + q*s. What are the prime factors of s?
2
Suppose -p = -7 - 5. What are the prime factors of p?
2, 3
Suppose -2*g = -g. Suppose -3*z + 5 + 4 = g. Suppose 2*d - z*d + 7 = 0. What are the prime factors of d?
7
Let f be (1/(-4))/(2/(-24)). Suppose f*i = 5*i - 22. What are the prime factors of i?
11
Let s be 6/9 - (-14)/6. Suppose 67 = 5*x + s*w, 2*x + 5*w = 33 + 9. What are the prime factors of (-4)/(-16) - x/(-4)?
3
Let k(n) = 8*n**2 + 3*n - 4. List the prime factors of k(3).
7, 11
Let y(d) = 5*d**2 - 4*d + 2. Let n be y(2). Suppose 13*j - n*j = -17. What are the prime factors of j?
17
What are the prime factors of (1 + -4)/((-5)/255)?
3, 17
Suppose 3*l = -3*t + 156, -2*l - 3*l + 3*t